rime factors of 18196947?
3, 673961
What are the prime factors of 5892276?
2, 3, 13, 107, 353
What are the prime factors of 4159622?
2, 2079811
What are the prime factors of 6877601?
19, 361979
List the prime factors of 394537.
11, 13, 31, 89
List the prime factors of 1701939.
3, 397, 1429
List the prime factors of 190948.
2, 47737
List the prime factors of 389005.
5, 77801
List the prime factors of 1027191.
3, 11, 17, 1831
What are the prime factors of 3963148?
2, 7, 59, 2399
List the prime factors of 514292.
2, 19, 67, 101
List the prime factors of 293288.
2, 61, 601
List the prime factors of 197072.
2, 109, 113
List the prime factors of 742961.
41, 18121
List the prime factors of 3319778.
2, 7, 11, 21557
What are the prime factors of 2112147?
3, 234683
What are the prime factors of 1543326?
2, 3, 257221
List the prime factors of 5963788.
2, 263, 5669
List the prime factors of 1882485.
3, 5, 11, 3803
What are the prime factors of 512702?
2, 389, 659
List the prime factors of 894884.
2, 23, 71, 137
List the prime factors of 13694851.
797, 17183
List the prime factors of 327388.
2, 81847
List the prime factors of 511498.
2, 13, 103, 191
What are the prime factors of 12347872?
2, 19, 23, 883
List the prime factors of 1875191.
1875191
What are the prime factors of 9841610?
2, 5, 109, 9029
What are the prime factors of 24572383?
11, 271, 8243
What are the prime factors of 4404487?
79, 127, 439
List the prime factors of 1912813.
7, 103, 379
What are the prime factors of 14165849?
19, 71, 10501
List the prime factors of 966347.
966347
List the prime factors of 200772.
2, 3, 11, 13
List the prime factors of 3868812.
2, 3, 107467
List the prime factors of 5682159.
3, 7, 19, 47, 101
List the prime factors of 1038108.
2, 3, 86509
What are the prime factors of 105234?
2, 3, 17539
What are the prime factors of 406107?
3, 13, 89
List the prime factors of 6312.
2, 3, 263
What are the prime factors of 1483728?
2, 3, 30911
List the prime factors of 15371.
19, 809
What are the prime factors of 12893104?
2, 7, 115117
List the prime factors of 2294362.
2, 7, 163883
List the prime factors of 873594.
2, 3, 48533
List the prime factors of 57590.
2, 5, 13, 443
List the prime factors of 1749939.
3, 151, 3863
What are the prime factors of 9288497?
29, 320293
What are the prime factors of 561750?
2, 3, 5, 7, 107
List the prime factors of 171079.
171079
What are the prime factors of 249895?
5, 23, 41, 53
List the prime factors of 1588365.
3, 5, 47, 751
List the prime factors of 187286.
2, 11, 8513
What are the prime factors of 1560007?
1560007
List the prime factors of 173266.
2, 41, 2113
List the prime factors of 179590.
2, 5, 17959
List the prime factors of 176635.
5, 35327
List the prime factors of 273300.
2, 3, 5, 911
List the prime factors of 11694504.
2, 3, 17, 28663
List the prime factors of 725205.
3, 5, 13, 3719
List the prime factors of 1391136.
2, 3, 43, 337
What are the prime factors of 9947514?
2, 3, 61, 27179
What are the prime factors of 20011628?
2, 7, 13, 4229
What are the prime factors of 520743?
3, 23, 7547
What are the prime factors of 731285?
5, 23, 6359
What are the prime factors of 6438519?
3, 43, 127, 131
List the prime factors of 379158.
2, 3, 13, 4861
What are the prime factors of 8961714?
2, 3, 497873
List the prime factors of 10453059.
3, 19, 61129
List the prime factors of 270734.
2, 135367
What are the prime factors of 88616?
2, 11, 19, 53
List the prime factors of 279035.
5, 55807
List the prime factors of 3663520.
2, 5, 7, 3271
List the prime factors of 9798634.
2, 4899317
List the prime factors of 676902.
2, 3, 101, 1117
List the prime factors of 1971012.
2, 3, 164251
What are the prime factors of 313827?
3, 73, 1433
List the prime factors of 190617.
3, 7, 29, 313
What are the prime factors of 158439?
3, 52813
What are the prime factors of 14810491?
881, 16811
List the prime factors of 2558065.
5, 19, 26927
What are the prime factors of 314012?
2, 29, 2707
List the prime factors of 115278.
2, 3, 19213
What are the prime factors of 5050651?
43, 73, 1609
List the prime factors of 269963.
103, 2621
What are the prime factors of 105739?
41, 2579
What are the prime factors of 2609956?
2, 163, 4003
List the prime factors of 3243682.
2, 13, 73, 1709
What are the prime factors of 71598?
2, 3, 11933
What are the prime factors of 1838949?
3, 7, 67, 1307
List the prime factors of 299440.
2, 5, 19, 197
What are the prime factors of 1200508?
2, 23, 13049
List the prime factors of 9561340.
2, 5, 478067
What are the prime factors of 552511?
552511
List the prime factors of 6117033.
3, 13, 67, 2341
What are the prime factors of 18476289?
3, 13, 52639
What are the prime factors of 4786584?
2, 3, 11, 18131
List the prime factors of 15877003.
3011, 5273
What are the prime factors of 26809527?
3, 17, 525677
List the prime factors of 560549.
11, 131, 389
What are the prime factors of 83756?
2, 20939
What are the prime factors of 168991?
168991
What are the prime factors of 2672746?
2, 293, 4561
List the prime factors of 673825.
5, 26953
What are the prime factors of 6439852?
2, 43, 37441
What are the prime factors of 176388?
2, 3, 14699
What are the prime factors of 180275?
5, 7211
What are the prime factors of 1403733?
3, 107, 4373
What are the prime factors of 973954?
2, 486977
List the prime factors of 6307984.
2, 394249
List the prime factors of 796711.
796711
List the prime factors of 5815436.
2, 11, 132169
What are the prime factors of 7366?
2, 29, 127
What are the prime factors of 748046?
2, 13, 28771
List the prime factors of 478653.
3, 7, 23, 991
What are the prime factors of 362188?
2, 90547
List the prime factors of 3411283.
3411283
List the prime factors of 15637855.
5, 19, 97, 1697
List the prime factors of 832635.
3, 5, 18503
What are the prime factors of 971235?
3, 5, 113, 191
What are the prime factors of 262427?
11, 23857
What are the prime factors of 1936641?
3, 7, 92221
List the prime factors of 2394180.
2, 3, 5, 47, 283
What are the prime factors of 8230488?
2, 3, 7, 48991
List the prime factors of 1144888.
2, 143111
List the prime factors of 398650.
2, 5, 7, 17, 67
List the prime factors of 6512751.
3, 7, 17, 2027
List the prime factors of 2673892.
2, 13, 51421
What are the prime factors of 293296?
2, 23, 797
List the prime factors of 266291.
266291
What are the prime factors of 678739?
678739
List the prime factors of 7515578.
2, 7, 31, 17317
List the prime factors of 381872.
2, 29, 823
List the prime factors of 24932262.
2, 3, 733, 5669
What are the prime factors of 208555?
5, 53, 787
What are the prime factors of 14273562?
2, 3, 79, 30113
List the prime factors of 2478406.
2, 7, 211, 839
List the prime factors of 3463766.
2, 67, 25849
List the prime factors of 9392813.
41, 229093
What are the prime factors of 1806154?
2, 7, 129011
List the prime factors of 34797990.
2, 3, 5, 241, 4813
What are the prime factors of 1536342?
2, 3, 256057
What are the prime factors of 34698?
2, 3, 5783
List the prime factors of 773619.
3, 7, 11, 17, 197
List the prime factors of 494854.
2, 181, 1367
What are the prime factors of 13162105?
5, 11, 167, 1433
List the prime factors of 1967595.
3, 5, 7, 2677
List the prime factors of 4993195.
5, 79, 12641
What are the prime factors of 1344653?
43, 31271
List the prime factors of 316470.
2, 3, 5, 7, 11, 137
What are the prime factors of 211528?
2, 137, 193
List the prime factors of 7324601.
73, 269, 373
What are the prime factors of 8280123?
3, 43, 64187
List the prime factors of 3978635.
5, 795727
What are the prime factors of 387538?
2, 37, 5237
List the prime factors of 662726.
2, 229, 1447
List the prime factors of 145726.
2, 7, 1487
List the prime factors of 434633.
149, 2917
List the prime factors of 1614518.
2, 807259
List the prime factors of 353677.
353677
List the prime factors of 346929.
3, 11, 10513
What are the prime factors of 154576?
2, 9661
List the prime factors of 278469.
3, 30941
What are the prime factors of 373455?
3, 5, 43, 193
List the prime factors of 9940739.
31, 320669
What are the prime factors of 482329?
31, 15559
List the prime factors of 411899.
277, 1487
What are the prime factors of 1740374?
2, 97, 8971
List the prime factors of 93790.
2, 5, 83, 113
What are the prime fact